 the remainder when 84 is divided by 31.
22
What is the remainder when 483 is divided by 81?
78
What is the remainder when 1535 is divided by 29?
27
Calculate the remainder when 5099 is divided by 60.
59
What is the remainder when 170 is divided by 58?
54
Calculate the remainder when 1288 is divided by 51.
13
Calculate the remainder when 529 is divided by 19.
16
Calculate the remainder when 86 is divided by 50.
36
What is the remainder when 275 is divided by 23?
22
What is the remainder when 129 is divided by 6?
3
Calculate the remainder when 674 is divided by 25.
24
Calculate the remainder when 290 is divided by 88.
26
What is the remainder when 156 is divided by 97?
59
Calculate the remainder when 238 is divided by 10.
8
Calculate the remainder when 410 is divided by 3.
2
What is the remainder when 283 is divided by 73?
64
What is the remainder when 358 is divided by 60?
58
Calculate the remainder when 99 is divided by 34.
31
What is the remainder when 1138 is divided by 20?
18
Calculate the remainder when 67 is divided by 32.
3
What is the remainder when 39 is divided by 7?
4
What is the remainder when 30 is divided by 17?
13
Calculate the remainder when 188 is divided by 51.
35
What is the remainder when 3345 is divided by 98?
13
Calculate the remainder when 872 is divided by 35.
32
Calculate the remainder when 702 is divided by 51.
39
Calculate the remainder when 519 is divided by 15.
9
What is the remainder when 931 is divided by 247?
190
What is the remainder when 521 is divided by 87?
86
Calculate the remainder when 385 is divided by 125.
10
What is the remainder when 908 is divided by 286?
50
Calculate the remainder when 306 is divided by 107.
92
What is the remainder when 1398 is divided by 108?
102
Calculate the remainder when 434 is divided by 144.
2
What is the remainder when 160 is divided by 75?
10
What is the remainder when 564 is divided by 2?
0
What is the remainder when 259 is divided by 5?
4
What is the remainder when 153 is divided by 80?
73
Calculate the remainder when 569 is divided by 52.
49
Calculate the remainder when 2573 is divided by 56.
53
Calculate the remainder when 2790 is divided by 49.
46
Calculate the remainder when 612 is divided by 319.
293
Calculate the remainder when 30 is divided by 4.
2
What is the remainder when 156 is divided by 34?
20
Calculate the remainder when 188 is divided by 10.
8
What is the remainder when 49 is divided by 11?
5
Calculate the remainder when 306 is divided by 64.
50
What is the remainder when 169 is divided by 62?
45
Calculate the remainder when 163 is divided by 93.
70
Calculate the remainder when 165 is divided by 77.
11
Calculate the remainder when 109 is divided by 33.
10
What is the remainder when 812 is divided by 167?
144
Calculate the remainder when 727 is divided by 43.
39
What is the remainder when 242 is divided by 29?
10
Calculate the remainder when 234 is divided by 4.
2
Calculate the remainder when 54 is divided by 20.
14
What is the remainder when 896 is divided by 45?
41
What is the remainder when 29671 is divided by 9?
7
Calculate the remainder when 3538 is divided by 20.
18
Calculate the remainder when 2426 is divided by 90.
86
What is the remainder when 95 is divided by 1?
0
Calculate the remainder when 436 is divided by 422.
14
What is the remainder when 349 is divided by 11?
8
What is the remainder when 233 is divided by 126?
107
What is the remainder when 47 is divided by 12?
11
What is the remainder when 2237 is divided by 28?
25
Calculate the remainder when 1884 is divided by 59.
55
Calculate the remainder when 74 is divided by 17.
6
What is the remainder when 417 is divided by 149?
119
Calculate the remainder when 1158 is divided by 131.
110
Calculate the remainder when 1655 is divided by 208.
199
What is the remainder when 53 is divided by 14?
11
Calculate the remainder when 251 is divided by 121.
9
What is the remainder when 601 is divided by 16?
9
What is the remainder when 50 is divided by 23?
4
What is the remainder when 188 is divided by 5?
3
Calculate the remainder when 2683 is divided by 79.
76
Calculate the remainder when 4168 is divided by 75.
43
What is the remainder when 562 is divided by 47?
45
Calculate the remainder when 23488 is divided by 58.
56
What is the remainder when 2013 is divided by 415?
353
Calculate the remainder when 2203 is divided by 5.
3
Calculate the remainder when 2723 is divided by 109.
107
What is the remainder when 8915 is divided by 12?
11
What is the remainder when 303 is divided by 32?
15
What is the remainder when 274 is divided by 55?
54
Calculate the remainder when 195 is divided by 7.
6
What is the remainder when 397 is divided by 133?
131
Calculate the remainder when 395 is divided by 11.
10
Calculate the remainder when 199 is divided by 43.
27
Calculate the remainder when 1241 is divided by 66.
53
What is the remainder when 304 is divided by 68?
32
What is the remainder when 554 is divided by 3?
2
Calculate the remainder when 25667 is divided by 193.
191
Calculate the remainder when 213 is divided by 86.
41
What is the remainder when 184 is divided by 5?
4
Calculate the remainder when 1147 is divided by 566.
15
Calculate the remainder when 903 is divided by 274.
81
Calculate the remainder when 235 is divided by 63.
46
Calculate the remainder when 27 is divided by 15.
12
Calculate the remainder when 752 is divided by 70.
52
Calculate the remainder when 532 is divided by 247.
38
What is the remainder when 558 is divided by 35?
33
What is the remainder when 1065 is divided by 12?
9
Calculate the remainder when 643 is divided by 82.
69
Calculate the remainder when 4919 is divided by 41.
40
Calculate the remainder when 128 is divided by 10.
8
Calculate the remainder when 587 is divided by 49.
48
What is the remainder when 146 is divided by 34?
10
What is the remainder when 681 is divided by 52?
5
Calculate the remainder when 237 is divided by 12.
9
Calculate the remainder when 1565 is divided by 112.
109
Calculate the remainder when 1697 is divided by 34.
31
What is the remainder when 77 is divided by 16?
13
Calculate the remainder when 2193 is divided by 1085.
23
What is the remainder when 280 is divided by 3?
1
What is the remainder when 78529 is divided by 58?
55
Calculate the remainder when 131 is divided by 64.
3
What is the remainder when 2199 is divided by 19?
14
Calculate the remainder when 305 is divided by 51.
50
What is the remainder when 849 is divided by 71?
68
Calculate the remainder when 258 is divided by 52.
50
What is the remainder when 962 is divided by 68?
10
What is the remainder when 2218 is divided by 202?
198
Calculate the remainder when 55 is divided by 3.
1
What is the remainder when 1182 is divided by 13?
12
Calculate the remainder when 3037 is divided by 98.
97
Calculate the remainder when 515 is divided by 229.
57
What is the remainder when 65 is divided by 33?
32
Calculate the remainder when 83 is divided by 42.
41
Calculate the remainder when 90 is divided by 4.
2
What is the remainder when 84 is divided by 32?
20
What is the remainder when 681 is divided by 12?
9
Calculate the remainder when 1348 is divided by 628.
92
Calculate the remainder when 234 is divided by 60.
54
Calculate the remainder when 781 is divided by 18.
7
Calculate the remainder when 15153 is divided by 36.
33
Calculate the remainder when 537 is divided by 180.
177
What is the remainder when 468 is divided by 8?
4
Calculate the remainder when 4218 is divided by 467.
15
Calculate the remainder when 133 is divided by 56.
21
Calculate the remainder when 77 is divided by 20.
17
Calculate the remainder when 23 is divided by 6.
5
What is the remainder when 120 is divided by 35?
15
What is the remainder when 296 is divided by 66?
32
Calculate the remainder when 1388 is divided by 58.
54
What is the remainder when 46 is divided by 36?
10
Calculate the remainder when 3251 is divided by 66.
17
What is the remainder when 77 is divided by 12?
5
What is the remainder when 585 is divided by 98?
95
Calculate the remainder when 127 is divided by 71.
56
Calculate the remainder when 4986 is divided by 10.
6
What is the remainder when 858 is divided by 16?
10
What is the remainder when 1125 is divided by 34?
3
Calculate the rema